greatest common factor of l and 14?
14
Let k = 530 + -926. Let a be (2/(-4))/(2/k). Let p = a - 55. Calculate the highest common divisor of 4 and p.
4
Suppose -6 = -5*j - j. Calculate the highest common factor of 1 and j.
1
Let w be -2*((-195)/30 + -1 + 4). Calculate the highest common divisor of 1 and w.
1
Suppose 0 = -4*o, 5*b - 9 - 1 = -2*o. Let t be -9*((-14)/6 + b). Suppose 2*y + 216 = 5*v + 85, -v + 29 = y. What is the greatest common divisor of v and t?
3
Let g be 42/4*((-1)/3 - -1). Calculate the highest common divisor of 28 and g.
7
Suppose 3018 = -2*t + 5*t - 3*m, 0 = -5*m + 15. Suppose 353 - t = -5*d + j, -j + 400 = 3*d. Let f = -20 - -32. What is the highest common divisor of f and d?
12
Suppose -7*h - 4*o = -11*h + 196, 3*h + o = 167. Calculate the highest common divisor of h and 216.
54
Let y be (-484)/(-6) - (-4)/(-6). Let d(r) = -r**3 + 9*r**2 + 10. Let g be d(9). Calculate the highest common divisor of g and y.
10
Suppose 0*b + 4*b = 28. Suppose 138 = 5*t + 2*y, -2*y + 0*y + 54 = 2*t. What is the greatest common factor of b and t?
7
Suppose 3*p - 219 = -57. Calculate the greatest common factor of 6 and p.
6
Let v = -26 + 28. Suppose -119 = -b + v*m, b + 3*m = 2*m + 122. Calculate the highest common factor of 11 and b.
11
Let n = 1 + 5. Suppose -n = 3*o, 2*o - 20 = -2*z - o. Calculate the highest common factor of z and 117.
13
Let m = 4 + -14. Let x be 4/m - 64/(-10). Let h(d) = -d**3 - 8*d**2 - 2*d + 8. Let o be h(-8). Calculate the greatest common divisor of x and o.
6
Let x(s) be the second derivative of -s**4/12 + 4*s**3/3 - s**2 - 4*s. Let j be x(6). What is the highest common factor of 5 and j?
5
Suppose -3*p = 2*p - 5. Let y be 105/12 + p/4. What is the greatest common divisor of 90 and y?
9
Suppose g + 2*n + 198 = 5*g, -n = 4*g - 189. Suppose -4*o - 2*m + g = 0, 5*o = 4*m + 23 + 11. What is the highest common divisor of o and 40?
10
Suppose 0 = -c + 23 + 11. What is the highest common factor of 340 and c?
34
Let s be (-27)/9*(1 - 10/6). Let l = -24 + 40. Calculate the highest common divisor of s and l.
2
Let m be (-6)/(-21) - 24/(-14). Suppose x - m*o = -x + 246, -3*x - o = -381. What is the highest common divisor of 18 and x?
18
Suppose 4*r - 12 = -0*r, -2*m + 5*r = 1. Let d = m + 1. Let v be (8/(-6))/(d/(-12)). What is the highest common factor of 1 and v?
1
Suppose 3*i + 11 = 2. Let l = 5 + i. What is the greatest common divisor of l and 18?
2
Suppose -9*r + 0*r = -45. Calculate the greatest common divisor of 40 and r.
5
Suppose 5 = -4*p + 3*k + 146, 0 = 2*p - k - 71. Suppose f + 48 = 5*f. Calculate the greatest common factor of f and p.
12
Let d(f) = f**3 - 7*f**2 + 6*f + 6. Let h be d(6). Let v = h - -2. Calculate the highest common divisor of 8 and v.
8
Suppose q - 6*q - 10 = 0. Let l be (6/(-4))/(q/4). Suppose -l*p = -166 + 4. Calculate the highest common factor of 6 and p.
6
Let k(m) = m + 1 + 2 - 4. Let o be k(4). Suppose o*b - 22 = 2*b. What is the greatest common divisor of 11 and b?
11
Let o = -1 - 2. Let t be ((-24)/(-10))/(o/(-20)). What is the greatest common divisor of 40 and t?
8
Let p be 24 - 6*3/6. Suppose 5*n - 24 = p. Calculate the greatest common factor of n and 81.
9
Suppose 0 = t - 4*t + 48. Suppose q - g = 18, -3*q + 4*g + 58 = -g. What is the greatest common divisor of t and q?
16
Let n = 154 + -97. What is the greatest common divisor of n and 76?
19
Let d = 28 - 17. Calculate the highest common factor of 55 and d.
11
Let z be 2/(-9) + (-452)/(-9). What is the highest common factor of 20 and z?
10
Suppose 0 = -0*h - 2*h + 14. Suppose 4*b + h = 5*b. Suppose 2*g = 11 + b. Calculate the greatest common divisor of 3 and g.
3
Let y be (-1)/(12/15)*-8. Let k be y - 9/((-6)/(-2)). Suppose 0 = -4*r + 3*r + 63. What is the highest common factor of k and r?
7
Suppose -3*u = -0*u + 4*m + 6, 0 = -2*m. Let h be ((-2)/5)/(u/40). Suppose o - 24 = -2*o. What is the greatest common divisor of o and h?
8
Let y be ((-39)/4)/(4/16)*-3. Suppose o + 4*o = 65. What is the greatest common divisor of o and y?
13
Suppose 4*s = 4*u - 448, -2*u - 2*s = -5*s - 228. Calculate the greatest common factor of 27 and u.
27
Let n = 1 + 9. Suppose -n*j = -6*j - 16. Calculate the greatest common factor of 16 and j.
4
Let b be (-2 - -6)*-1 - -21. Let i be -1*(3 - (b - 4)). Calculate the highest common factor of 5 and i.
5
Suppose 8*r + 120 = 11*r. What is the highest common factor of r and 5?
5
Let h(t) = t**2 + t - 4. Let o be h(2). Calculate the greatest common factor of 1 and o.
1
Let s(r) = -8*r**2 - 2*r + 1. Let i be s(1). Let c(h) = -7*h. Let v be c(i). Calculate the greatest common factor of 9 and v.
9
Let l be (12/(-14))/((-3)/21). Let g(p) = -p**3 + 7*p**2 - 3*p - 7. Let u be g(l). Calculate the highest common factor of 11 and u.
11
Suppose 4*v - 654 = -3*g, 4*v - g - 1012 + 366 = 0. Let n be (v/15)/(6/15). What is the greatest common factor of 18 and n?
9
Let t = -6 - -38. What is the greatest common divisor of t and 16?
16
Suppose h - 17 - 8 = -3*y, 2*h + 4 = 0. Let t be 6/(-8)*(-1 - 59). What is the highest common divisor of t and y?
9
Let o be (0 + -1)/(-3)*(4 - -29). Calculate the greatest common divisor of 44 and o.
11
Let y be 80/6*(-1248)/(-80). Calculate the greatest common factor of y and 26.
26
Suppose -t - 6*t + 63 = 0. Let d = 115 + -79. Calculate the highest common factor of t and d.
9
Suppose -5*l + 5*f + 363 = f, -2*l - 4*f = -162. Calculate the greatest common divisor of 30 and l.
15
Let r be (246/(-12) + 0/(-1))*-22. Calculate the greatest common divisor of r and 41.
41
Let m(p) = -4*p - 6*p - p**2 - 1 + 0. Let d be m(-9). What is the highest common factor of 16 and d?
8
Let r = -73 - -118. Calculate the greatest common factor of r and 30.
15
Let b be (-2)/11 + (15858/(-33))/(-3). What is the greatest common divisor of b and 32?
32
Let n = 7 - 5. Suppose -405 = -n*d - d. Calculate the highest common factor of d and 15.
15
Let i be (4/5)/((-8)/(-220)). Suppose -4*s + 28 = 2*x, 2*s - 28 = -4*x + i. Calculate the highest common factor of 12 and x.
12
Let i be (72/(-60))/((-6)/20). Suppose 4*l - 34 - 6 = 0. Calculate the greatest common divisor of i and l.
2
Let k(p) = -2*p - 4. Let j be k(-4). Suppose j*a - 42 - 6 = 0. What is the highest common divisor of a and 96?
12
Let w(g) = -g**3 + 9*g**2 - 8*g + 4. Let c be w(8). Suppose 5*d - 9 + 24 = 0, -3*d + 15 = c*r. Calculate the greatest common factor of r and 6.
6
Let j(m) = m**2 - 5*m + 2. Let y be j(7). Calculate the greatest common divisor of y and 128.
16
Suppose 38 = 2*u + 5*s, 0*s + 120 = 4*u - s. What is the highest common factor of 58 and u?
29
Suppose 0 = -5*v + 11 + 49. Calculate the highest common divisor of 96 and v.
12
Let h = -25 + 15. Let o be (-1045)/h*(-2 + 4). Calculate the greatest common factor of 19 and o.
19
Suppose -m - 4*h = 2*m - 4, m = 5*h + 14. What is the greatest common factor of 34 and m?
2
Let d(r) = 2*r**2 + 6*r - 3. Let l be d(-9). Suppose -l - 95 = -4*g. Let o be (0 + 4)*5/2. Calculate the highest common divisor of g and o.
10
Suppose -2*u - 4*q = 2*u - 60, 2*u + 5*q = 18. Suppose 3*z + 5*r - 12 = u, 2*r = z - 3. Let o = z + -5. Calculate the highest common factor of o and 14.
2
Suppose -3*n = 19 - 46. Let z = 1 + 0. Calculate the greatest common factor of n and z.
1
Let k be 18*1 + (-2)/1. What is the highest common divisor of 4 and k?
4
Suppose 0 = -4*j + b + 424 - 108, -2*j + 4*b = -144. Calculate the highest common factor of 200 and j.
40
Let w = 49 - 27. Suppose -2*h + 2 = 0, h = u + 2*u + 4. Let n be (u + 11)*(-110)/(-10). What is the greatest common factor of w and n?
22
Suppose c = 3*c. Suppose -4*f = -c*f - 8. Let q be 2 + 1 + -2 + f. Calculate the greatest common factor of q and 33.
3
Let p = 36 - 0. Calculate the greatest common factor of p and 18.
18
Let o = -44 - -45. What is the greatest common factor of o and 3?
1
Suppose 5 - 83 = -6*o. What is the highest common factor of 143 and o?
13
Let a = -13 - -9. Let f(o) = 4*o**2 - 6*o - 1. Let d be f(a). Let l = d + -54. Calculate the highest common factor of l and 3.
3
Suppose 24 = 2*v + 2*d, 0 = d - 2*d + 3. Let q be -123*(-2)/3 + 2/(-2). Calculate the highest common divisor of q and v.
9
Let w be 195/(-2)*4/(-5). Let m be 15/(-20) + w/8. Let x = -22 + 31. Calcul